alculate the highest common divisor of 110 and f.
110
Let j = -24555 + 28492. Calculate the greatest common divisor of 127 and j.
127
Let t(c) = 23*c - 111. Let z be t(5). Suppose 0 = -4*l - 0*l - v + 1179, z*l - 4*v = 1164. What is the highest common factor of l and 84?
42
Suppose 65394 = 25*t + 8*t + 21*t. Calculate the highest common factor of t and 2249.
173
Suppose 107*q - 134*q + 7938 = 0. What is the greatest common divisor of 78 and q?
6
Suppose 6*g = 13*g - 1876. Suppose 3*o - 5*a = 5*o - 194, -3*o + g = -4*a. Suppose 5*v = o + 228. What is the greatest common divisor of 96 and v?
32
Let o = -78 + 111. Suppose 4*l + o - 9 = 0. Let z be 4/8*l - -304. What is the highest common divisor of 43 and z?
43
Let u be (-252)/6 - (-6)/(-4)*2. Let y = u - -66. Suppose -3*v - q = -73, -4*q = 4*v - 121 + y. Calculate the greatest common divisor of 12 and v.
12
Suppose -l - 504 + 595 = 0. Let k = 93 - l. What is the greatest common factor of k and 34?
2
Let l be ((-6)/(-5))/((-2)/100). Suppose -4*t + 5*n = 167, 4*t + 3*n + 69 + 74 = 0. Let g = t - l. Calculate the greatest common divisor of g and 242.
22
Let d(g) = 1380*g - 84. Let i be d(1). What is the greatest common divisor of i and 243?
81
Let d = -29755 - -29777. Let b(i) = -i + 5. Let q be b(-6). What is the highest common factor of q and d?
11
Let h be 8/((-24)/15) + 5. Suppose -5*x - 15 = h, 4*x = 4*g - 2338 + 922. What is the greatest common divisor of 54 and g?
27
Let y be 14*(-5)/(490/(-1162)). Calculate the highest common factor of y and 12367.
83
Let k be (-42)/28*(-1 + -9). Let c be k/(-45) - 91/(-3). Calculate the greatest common factor of 45 and c.
15
Suppose 3*l + l = -60. Let y = -1 - l. Let v = 8653 - 8639. What is the greatest common divisor of y and v?
14
Suppose -103*u + 23095 = 8263. What is the highest common divisor of u and 4176?
144
Let u be 16 - (4/(-16) + -1)*4. Let k be u/(-4)*(-48)/18. What is the greatest common factor of 189 and k?
7
Let t = 29214 - 27395. Calculate the greatest common factor of 51 and t.
17
Suppose -120640*b = -120623*b - 204. What is the greatest common factor of b and 132?
12
Let f be (87/(-58))/(2/8*-3). Suppose -23*p = -21*p - 4*k + 8, -10 = -f*k. What is the greatest common factor of 57 and p?
3
Suppose -4*p + 1088 = 3*i, 124*p - 1430 = 119*p + 5*i. Calculate the greatest common divisor of p and 5143.
139
Let c = 432 - 204. Suppose 86 = a + 8*z - 13*z, 3*z = 5*a - 386. Calculate the highest common factor of a and c.
76
Suppose 11*k + 102 - 146 = 0. Suppose r + 0*r = -k*m + 12, -r + 13 = 3*m. Let c = 24 - 12. What is the greatest common divisor of c and r?
4
Let r = -74 - -50. Let y = 33 + r. Suppose 0 = 4*m - 5*a - 320 - 96, 0 = 5*m - 4*a - 511. Calculate the greatest common divisor of y and m.
9
Let d = 2 - -7. Let i be d*(4 + -2 + 6). Calculate the highest common divisor of 48 and i.
24
Let f(a) = a**2 - 276*a - 1385. Let h be f(-5). What is the highest common factor of h and 515?
5
Let d = -7821 + 7857. Calculate the greatest common divisor of 92 and d.
4
Suppose r + 9123 = 4*y, -4549 = 5*y - 7*y + 3*r. Calculate the highest common factor of y and 84.
14
Suppose -2*t - 2*a = -36, 2*t + t = -2*a + 49. Let j(b) = b**3 - 9*b**2 - 2*b - 74. Let s be j(t). What is the highest common divisor of s and 72?
72
Let i be (2*4*1)/2. Let v be ((-413)/(-2))/(14/16). Calculate the greatest common factor of v and i.
4
Let r(o) = 11*o + 1937. Let c be r(-71). Calculate the highest common factor of 34 and c.
34
Let z(c) = -c**3 - 7*c**2 - 4*c - 4. Let g be z(-3). Let v = 171 + g. Let r be -1 - (-19 + -5 - -10). Calculate the greatest common divisor of r and v.
13
Suppose 1164 - 142 = 7*q. Suppose 0 = -2*p + 7*d - 8*d + q, d + 286 = 4*p. What is the greatest common factor of 24 and p?
24
Suppose -17*o + 14*o = 18. Let u = 10 + o. Let r be 6*1 + -71 + 73. Calculate the highest common factor of u and r.
4
Let a(m) = 18*m**2 + 3*m - 3. Let i be a(2). Let c be 4 + -57*(-15)/9. Suppose 0 = -100*z + c*z + 15. What is the greatest common divisor of z and i?
15
Let l be 9*10564/57 - 15. Calculate the greatest common factor of 783 and l.
87
Let h = -2694 + 2781. What is the highest common divisor of 29 and h?
29
Suppose 0 = -5*g + s + 3525, 4*g + s = -751 + 3571. What is the greatest common factor of 15 and g?
15
Suppose -10 = 5*w, 3*w - 7*w + 1784 = 2*o. Calculate the greatest common divisor of 768 and o.
128
Let n(o) = -o**2 - 31*o - 44. Suppose -314 = -33*v - 1271. Let a be n(v). Calculate the highest common factor of a and 574.
14
Let b be (-104)/234*-372 - (-4)/(-3). What is the highest common factor of b and 10578?
82
Let t(h) = h - 4. Let y be t(11). Suppose 194 = y*g - 310. What is the greatest common divisor of g and 27?
9
Suppose -10*o + 601 + 349 = 0. What is the highest common factor of o and 40?
5
Let b(h) = h**3 + 8*h**2 + 9*h + 16. Let c be b(-7). Let o(i) = 8*i**2 + c - i + i + i. Let v be o(2). What is the greatest common factor of v and 180?
36
Let h(j) = -3*j - 18. Let f be h(-10). What is the greatest common divisor of 762 and f?
6
Suppose 0 = -m + 5*w + 26, -4*m + 8 = -2*w - 6. Let q be m/(2/56) + (-9)/(-3). What is the greatest common factor of 279 and q?
31
Let k(h) be the third derivative of -h**4/4 + 31*h**3/2 - 2*h**2 - 34*h. Let m be k(11). Calculate the highest common factor of m and 6.
3
Let c = 7532 + -5365. What is the greatest common divisor of 33 and c?
11
Let m(b) = -b**3 + 4*b + 25. Let y be m(0). Suppose -4*f = f + 5, 4*f = o - y. Suppose o = -4*s + 25. Calculate the highest common divisor of s and 3.
1
Let m = 147 - 146. Let o be m - (-5 + 5) - -2. Calculate the greatest common factor of o and 12.
3
Let r be 27/6*16/(-8). Let h be ((-424)/159)/(1/r*-1). Let z be (16/h)/((-6)/423). Calculate the greatest common factor of z and 376.
47
Suppose -4*h + 3*j + 386 = -3859, 5*j - 1044 = -h. What is the highest common divisor of h and 2?
1
Let v(t) = -5*t**2 + 258*t - t**3 - 5 - 266*t + 14. Let l be v(-5). Calculate the highest common divisor of 7 and l.
7
Let c(o) = 4*o**2 + 121*o + 1682. Let a be c(-18). What is the greatest common divisor of 1080 and a?
40
Let m be ((-4)/10)/(16/(-2) - (-143975)/18000). Calculate the highest common factor of m and 224.
32
Let a be (3 - 2)/(4/16). Suppose -a*g + 30 = 6. Let b(l) = l**2 - l - 15. Let j be b(g). Calculate the highest common divisor of j and 45.
15
Let i(g) = g - 3. Let z be i(7). Suppose 4*h = 2*n + 10, -z*n + 15 = -n. Let y be -3 - 91/(-35) - (-222)/h. What is the highest common divisor of y and 66?
22
Let i = -60 + 69. Suppose i*l = 8*l + 520. Suppose 57*x - 52*x = l. Calculate the greatest common factor of 13 and x.
13
Suppose m + 5*q - 23 - 2 = 0, -2*m - q + 59 = 0. Suppose l + l - m = 0. What is the greatest common factor of 30 and l?
15
Suppose 3 + 17 = a. Let x be (17/(-4) - 2)/((-85)/1020). Calculate the highest common divisor of a and x.
5
Let u(i) = 12*i**2 - 48*i + 1167. Let a be u(42). Calculate the greatest common factor of a and 39.
39
Let v(w) = 42*w + 2025. Let r be v(-47). What is the highest common divisor of 2312 and r?
17
Suppose 0 = -90*x + 80*x - 4940. Let t = -489 - x. What is the greatest common factor of t and 1?
1
Suppose 7*o = 4*o + 150. Let p(h) = -h**3 + 15*h**2 + 21*h + 17. Let l be p(17). Let b = l - -229. Calculate the highest common factor of o and b.
25
Suppose s - 2*s - q = -2, -4*s + 5*q = 10. Suppose 0 = -s*j - 14*j. Suppose n + 4*n - 5 = j. What is the greatest common factor of 11 and n?
1
Let t = -678 + 723. What is the highest common divisor of 3465 and t?
45
Let b be 2*2 + (-6417)/(-99) + 8/44. What is the greatest common divisor of 7383 and b?
69
Let o(r) = -r**3 + 5*r**2 + r + 1. Let a be o(5). Let x be -3*(1 - (10 + 1)). Let f = x + 18. What is the greatest common factor of f and a?
6
Suppose 1105 - 1328 = -r - 2*o, 13*r - o - 2710 = 0. Let d(p) = -p + 3. Let x be d(3). Suppose x = k - 3*k + 38. What is the highest common divisor of r and k?
19
Let h = -1175 - -1659. Suppose -704 = -787*n + 771*n. What is the greatest common factor of h and n?
44
Let a(c) = 177*c - 60. Let n be a(2). Let l be (-2)/14 + 75894/n. What is the highest common factor of 18 and l?
6
Let r = -213 - -261. Suppose r*k - 42*k - 1344 = 0. Calculate the greatest common f